482 = 4*t - 3*o, 3*t - 367 = -4*o. Let y = 4 + t. What is the highest common factor of 25 and y?
25
Let u(l) = -2*l - 14. Let m be u(-9). Calculate the highest common divisor of m and 44.
4
Let c = 5 + 39. Let u = 4 + 0. What is the highest common divisor of c and u?
4
Let r(q) = q + 4. Let h be r(-6). Let f = h - -2. Suppose -2*s - 2*c + 18 = 0, -4*c + f*c = -20. What is the greatest common factor of s and 24?
4
Suppose -4*g + 2*d = -0*g - 68, -5*d - 26 = -2*g. Suppose -21 = -3*c + 9. Suppose c = q - g. Calculate the highest common divisor of 42 and q.
14
Suppose 2*k + 2*p - 2 = -10, -k - 5*p = 20. Suppose 2*r - 9 - 13 = k. Suppose 0 = j - 3 + 2. Calculate the greatest common factor of r and j.
1
Suppose 0 = -11*d + 14*d - 42. Calculate the greatest common divisor of d and 70.
14
Suppose -130 = -6*i + 416. What is the greatest common divisor of 13 and i?
13
Let m(p) = p + 7. Let q be m(-5). Suppose 4 = q*n, -5*j + n = 4*n - 86. Calculate the highest common divisor of j and 4.
4
Let j = -80 - -84. Suppose p + a = -a, -3*p + 4*a + 10 = 0. Let k be (p + 0)*1*6. What is the greatest common factor of k and j?
4
Suppose 36 = 7*z - 3*z. Let u be z/18 + 646/4. What is the highest common factor of u and 18?
18
Suppose 15 = 2*c - 13. Let l = 22 - c. What is the highest common divisor of l and 1?
1
Let d(u) = -u**3 + 10*u**2 + 5*u + 2. Let f be d(10). Calculate the highest common divisor of 13 and f.
13
Let o(n) = 2*n + 7 - 9 - 6*n. Suppose -9 = 3*p - 0. Let j be o(p). Calculate the highest common divisor of 25 and j.
5
Let j(h) = -5*h**3 + 4*h**2 - 2*h. Let y be j(2). Let l = y - -40. Calculate the highest common factor of 30 and l.
6
Suppose 3*g = -3*y - g - 1, -5*g = 5. Let n = -1 + y. Suppose n = -p - 3*p + 40. Calculate the highest common factor of 60 and p.
10
Let i(b) = b**3 + 2*b**2 - b + 2. Let p be i(0). Calculate the greatest common factor of 14 and p.
2
Let n(o) = -o**2 + 2*o + 96. Let k be n(0). Calculate the highest common factor of 12 and k.
12
Suppose -3*v - 3*m = 0, -5*v - m - 36 = -5*m. Let u be v/(-10) - (-24)/15. Suppose -u*q - 12 = -78. Calculate the greatest common factor of 11 and q.
11
Let y be 36 + 4/((-4)/3). Calculate the highest common factor of y and 22.
11
Let s(b) be the first derivative of -43/2*b**2 + b - 3. Let j be s(-1). What is the greatest common divisor of 11 and j?
11
Let u be 7/4 - 5/(-20). What is the greatest common divisor of u and 22?
2
Suppose d - 4 = -0*d. Let t(c) = c**3 - 10*c**2 - 11*c + 8. Suppose -4*k = -6*k + 22. Let v be t(k). What is the highest common divisor of d and v?
4
Let i(j) = j**2 + 18*j + 2. Let w be i(-18). Calculate the greatest common factor of w and 14.
2
Suppose -5*y + 3*y - 3*i = -42, 5*i = -3*y + 65. Suppose -5*v + 384 = 9. What is the greatest common factor of y and v?
15
Let x = -11 - -9. Let s be 1/x - (-441)/18. Suppose -3*t = -3*q - 33, -35 - 15 = -5*t + 4*q. Calculate the greatest common factor of t and s.
6
Let f(k) = k**3 - 8*k**2 + 9*k + 1. Let o be (-114)/(-7) - 4/14. Let u = o - 9. Let m be f(u). Calculate the highest common divisor of m and 105.
15
Let s = 0 + -3. Let h be s/(-3 + 260/88). Suppose 4*u + f + 20 = 7*u, -5*u = 5*f - 20. Calculate the greatest common divisor of u and h.
6
Let c be 0 + -1 - 0 - -4. Suppose n - 10 = -n + 4*v, 15 = c*n + 4*v. What is the greatest common factor of n and 25?
5
Let s(w) = w**2 + 4*w + 5. Let k be s(-6). Let d be 20/6*(-24)/(-20). Suppose d*u + 299 - 1047 = 0. What is the greatest common factor of u and k?
17
Suppose 7*u - 138 = 9. What is the highest common factor of u and 105?
21
Suppose -4*v + 297 = 93. What is the highest common divisor of 17 and v?
17
Let v be (-19 - -5)*(1 + -5). Calculate the highest common divisor of v and 14.
14
Let b(z) = z**3 - 5*z**2 - 2*z - 13. Let q be b(6). What is the greatest common divisor of q and 121?
11
Let o be 1/((-9)/3 + 2). Let x be -2 - (-1)/(o/(-114)). Suppose p - x = -p. What is the highest common factor of p and 7?
7
Suppose 30 = h - b, 7 + 35 = h + 3*b. Let z = -4 - -7. What is the highest common divisor of h and z?
3
Suppose 0*l = 5*l + 5, 33 = 3*w - 3*l. Let r = 3 + w. Suppose -55 = 2*i - 2*p - 175, 0 = 3*i - 4*p - 175. Calculate the greatest common divisor of i and r.
13
Suppose 3*v = 2*f + 4*v - 32, 4*f - 52 = v. What is the greatest common divisor of f and 70?
14
Let m(r) = 2*r**2 + 1. Let z be m(-1). Suppose -z*d = -2*d - 70. Let a = d - 2. Calculate the greatest common factor of 17 and a.
17
Let x be (17 - 5)*1/2. Calculate the greatest common divisor of x and 30.
6
Let j be 50/(-3)*12/(-10). Suppose -3*s + j = -s. What is the highest common divisor of 90 and s?
10
Suppose -4*y = 5*b - 27, y + 4*y + 2*b = 38. Let l(w) = w - 1. Let j be l(3). Calculate the highest common factor of j and y.
2
Suppose -3*a - 2*f = f - 15, -5*a - f + 13 = 0. Calculate the highest common factor of a and 4.
2
Suppose 5*z + 8 = 4*g, 0 = 3*g + 2*g + z - 39. Suppose -4*u - w + 35 - 14 = 0, 3*u = 3*w + 27. Let d = g + u. Calculate the highest common divisor of 117 and d.
13
Suppose -39 = -3*d + 3*q, 28 = 5*d - 4*q - 34. Calculate the greatest common factor of 70 and d.
10
Let o = -45 + 78. Suppose 0 = w - 43 - o. Suppose 110 = 5*l - 5*f, 4*f - 86 = -5*l + f. Calculate the greatest common divisor of l and w.
19
Suppose -26 = -0*k - k. Calculate the greatest common divisor of k and 156.
26
Suppose -k - 148 = -3*j, -143 = -2*j - j - 4*k. What is the highest common divisor of 7 and j?
7
Let r = -46 + 80. Let o(x) = 11*x + 3. Let b be o(-2). Let g = b + r. Calculate the highest common factor of 3 and g.
3
Suppose -15*q = -6*q - 729. Calculate the highest common divisor of 9 and q.
9
Let d = 36 - 20. Let a be (-2)/(-8) + (-959)/(-4). Suppose -3*w - 2*w = -a. Calculate the greatest common divisor of w and d.
16
Let n(p) = 3*p + 65. Let g be n(-6). Calculate the highest common factor of g and 376.
47
Let b be (4/(-6))/((-2)/9). Suppose -b*v = v + 8. Let z be (v/(-1))/((-1)/(-10)). What is the greatest common divisor of 8 and z?
4
Suppose -9 - 46 = -n - 4*q, 0 = 5*n - 5*q - 400. Calculate the highest common divisor of 25 and n.
25
Let p be 4/(-3*(-2)/3). Suppose -r - 7 = -u, -3*u - p*r - 3 = -9. Suppose -h = u*h - 10. Calculate the greatest common factor of 6 and h.
2
Let s = 84 - 139. Let t = -39 - s. Suppose -d - p = -123, 0 = -2*d + 2*p + p + 271. What is the highest common factor of t and d?
16
Let z = 7 + -1. Let n be (1 - 19)*z/(-4). Let w be (-119)/(-42) + (-4)/(-24). Calculate the greatest common divisor of w and n.
3
Suppose 10*w - o - 15 = 5*w, 4*o - 24 = -w. Suppose -w*n - 36 = -4*f, -n + 9 = 4*f + 4*n. Calculate the greatest common factor of f and 24.
6
Let k = 31 - -128. Suppose 4*u + j - k = 2*j, 15 = 3*j. Let m = 93 - u. Calculate the greatest common factor of m and 13.
13
Suppose 4*k + 32 = -2*i, 3*k - 4*i = -i - 6. Let v(r) = r**2 + 13*r - 7. Let u be v(k). Let n = -9 - u. Calculate the greatest common divisor of n and 8.
8
Let s be 0 - (-18)/(-3 + 6). Let u be -2*-3*(-15)/18. Let d = 1 - u. What is the highest common factor of s and d?
6
Let z be 50/(-1) + 1/(-1). Let c = z + 79. What is the greatest common factor of c and 7?
7
Suppose 3*z + 1 = -5. Let f be -3*z/3 + 8. Let x = 4 - -6. What is the highest common divisor of f and x?
10
Suppose -32 = -3*f + 2*r, -4*r + 5*r - 62 = -5*f. What is the highest common factor of f and 60?
12
Let n be ((-2)/(-4))/(2/80). Calculate the greatest common factor of n and 180.
20
Let d = -106 + 121. What is the greatest common divisor of d and 45?
15
Suppose 0*h + 3*h = 4*u - 21, 0 = -5*u. Let n be (-2)/(-6) - h/(-3). Let d = 2 - n. What is the greatest common divisor of d and 4?
4
Let a = -10 - -20. Calculate the greatest common factor of a and 10.
10
Let q be (-57)/5 - (-2)/5. Let z = q + 20. Calculate the greatest common divisor of 36 and z.
9
Suppose -3*g + 4*q + 29 = -29, -g + 5*q = -12. What is the greatest common divisor of g and 22?
22
Let v = 17 + -8. Let h be -15*((-15)/v - -1). Calculate the greatest common divisor of h and 10.
10
Let g = -9 - -21. Calculate the highest common factor of g and 108.
12
Suppose 5*u - 23 = 67. Suppose -2*f + 5*o = -113, 2*f - 2*o = -0*o + 110. What is the greatest common factor of u and f?
18
Let k = 16 + 0. Suppose 